{"id":17,"date":"2026-01-20T17:07:26","date_gmt":"2026-01-20T17:07:26","guid":{"rendered":"https:\/\/www.visitebeaujolais.fr\/?page_id=17"},"modified":"2026-01-22T15:02:01","modified_gmt":"2026-01-22T15:02:01","slug":"pour-les-plus-grands","status":"publish","type":"page","link":"http:\/\/www.visitebeaujolais.fr\/index.php\/pour-les-plus-grands\/","title":{"rendered":"Autour de l&#8217;\u00e9cole"},"content":{"rendered":"\n<p>Des visites sur mesure, en partenariat avec le G\u00e9oparc Beaujolais UNESCO, nous proposons pour les \u00e9coles des visites adapt\u00e9es \u00e0 l&#8217;environnement direct des enfants. <\/p>\n\n\n\n<p>Selon votre village, nous vous proposons une visite de 1h30\/2h dans le village \u00e0 la d\u00e9couverte de la g\u00e9ologie locale. <\/p>\n\n\n\n<p>Cette intervention peut-\u00eatre coupl\u00e9e avec une autre en classe sur les bases de la g\u00e9ologie en Beaujolais. <\/p>\n\n\n\n<p><\/p>\n\n\n\n<p>Pour plus d&#8217;informations  : visite@visitebeaujolais.fr <\/p>\n","protected":false},"excerpt":{"rendered":"<p>Des visites sur mesure, en partenariat avec le G\u00e9oparc Beaujolais UNESCO, nous proposons pour les \u00e9coles des visites adapt\u00e9es \u00e0 l&#8217;environnement direct des enfants. Selon votre village, nous vous proposons une visite de 1h30\/2h dans le village \u00e0 la d\u00e9couverte de la g\u00e9ologie locale. Cette intervention peut-\u00eatre coupl\u00e9e avec une autre en classe sur les [&hellip;]<\/p>\n","protected":false},"author":1,"featured_media":0,"parent":0,"menu_order":0,"comment_status":"closed","ping_status":"closed","template":"","meta":{"footnotes":""},"class_list":["post-17","page","type-page","status-publish","hentry"],"_links":{"self":[{"href":"http:\/\/www.visitebeaujolais.fr\/index.php\/wp-json\/wp\/v2\/pages\/17","targetHints":{"allow":["GET"]}}],"collection":[{"href":"http:\/\/www.visitebeaujolais.fr\/index.php\/wp-json\/wp\/v2\/pages"}],"about":[{"href":"http:\/\/www.visitebeaujolais.fr\/index.php\/wp-json\/wp\/v2\/types\/page"}],"author":[{"embeddable":true,"href":"http:\/\/www.visitebeaujolais.fr\/index.php\/wp-json\/wp\/v2\/users\/1"}],"replies":[{"embeddable":true,"href":"http:\/\/www.visitebeaujolais.fr\/index.php\/wp-json\/wp\/v2\/comments?post=17"}],"version-history":[{"count":5,"href":"http:\/\/www.visitebeaujolais.fr\/index.php\/wp-json\/wp\/v2\/pages\/17\/revisions"}],"predecessor-version":[{"id":93,"href":"http:\/\/www.visitebeaujolais.fr\/index.php\/wp-json\/wp\/v2\/pages\/17\/revisions\/93"}],"wp:attachment":[{"href":"http:\/\/www.visitebeaujolais.fr\/index.php\/wp-json\/wp\/v2\/media?parent=17"}],"curies":[{"name":"wp","href":"https:\/\/api.w.org\/{rel}","templated":true}]}}

Autour de l&#8217;école

<p>Des visites sur mesure, en partenariat avec le Géoparc Beaujolais UNESCO, nous proposons pour les écoles des visites adaptées à l&#8217;environnement direct des enfants. </p>



<p>Selon votre village, nous vous proposons une visite de 1h30/2h dans le village à la découverte de la géologie locale. </p>



<p>Cette intervention peut-être couplée avec une autre en classe sur les bases de la géologie en Beaujolais. </p>



<p></p>



<p>Pour plus d&#8217;informations  : visite@visitebeaujolais.fr </p>

<p>Des visites sur mesure, en partenariat avec le Géoparc Beaujolais UNESCO, nous proposons pour les écoles des visites adaptées à l&#8217;environnement direct des enfants. Selon votre village, nous vous proposons une visite de 1h30/2h dans le village à la découverte de la géologie locale. Cette intervention peut-être couplée avec une autre en classe sur les [&hellip;]</p>
